divided by 2 - (4 - (7 + -3))?
0
Suppose 3*g = -9, 3*t - 5*g + g - 519 = 0. Let j = t + -149. What is the remainder when 46 is divided by j?
6
Let k = -11016 + 11202. What is the remainder when 2238 is divided by k?
6
Let g = -525816 + 525836. Suppose -3*t + 293 + 535 = 0. What is the remainder when t is divided by g?
16
Suppose -1138*s = -1123*s - 2655. Calculate the remainder when 1234 is divided by s.
172
Let k = 234 - 154. Suppose -33*c - k = -38*c. Calculate the remainder when 52 is divided by c.
4
Let u = 5547 + -5474. Calculate the remainder when 306 is divided by u.
14
Let j(a) = 16*a**2 - 447*a - 6. Calculate the remainder when 8357 is divided by j(28).
19
Let i(g) = -32*g - 24. Let n be (-7)/((-525)/10) + (-68)/60. What is the remainder when 43 is divided by i(n)?
3
Suppose -h + 2 = z, 0 = -3*z - 4*h - h - 2. Let k be (1 + -2)*(z - (-138)/(-6)). Suppose 4 = -q + k. Calculate the remainder when 127 is divided by q.
10
Suppose 4*p + 502*v = 498*v + 88, -3*p = -5*v - 50. Calculate the remainder when 5818 is divided by p.
18
Let m be (2/8 - 275/(-20))*6. What is the remainder when m + -5 - (-2 + 3/(-3)) is divided by 29?
24
Let w(d) = d**3 - 3*d**2 - 13*d - 6. Let n be w(6). Suppose -26*t + 48 = -n*t. Suppose 21*a - t*a = -66. Calculate the remainder when a is divided by 6.
4
Let u = 1 - -4. Suppose 32*s = s + 62. Suppose -6 = s*w - 8*w. What is the remainder when u is divided by w?
0
Let s(u) = -2*u**2 - 11*u + 22. Let m be s(10). Let l be (m/60)/(4/(-30) + 0). Suppose z - 11 = l. What is the remainder when z is divided by 24?
23
Let r(f) = -f**3 + 7*f**2 + 8*f + 14. Let a(k) = -2*k - 7. Suppose j + 2 = -5. Let w be a(j). What is the remainder when r(w) is divided by 24?
22
Let t be 6/14 + (-920)/56. Let g = t + 29. Suppose -2*s + g + 1 = 0. What is the remainder when 41 is divided by s?
6
Suppose n = 6*p - 2*p - 2790, 2*p - n = 1396. What is the remainder when p is divided by 15?
7
Suppose -2*c + 24 = 4*c. Suppose -177 = -9*r + 6*r + 3*y, 0 = -c*y. What is the remainder when r is divided by 15?
14
Let c(j) = j**2 + 10*j - 4. Let g be c(-10). Calculate the remainder when 138 is divided by -2*(2 + 90/g).
15
Let o(g) = 2*g**2 - 48*g + 55. Let m be o(23). Calculate the remainder when m + 2915/15 + (-4)/3 is divided by 34.
32
Suppose 0 = -3*o - 110*m + 114*m + 19128, -4*m = -5*o + 31880. What is the remainder when o is divided by 398?
8
What is the remainder when (-44)/(-5) + 5/25 is divided by (-1 + 2)/(-11*8/(-440))?
4
Suppose -4*v = 3*j - 16, 1465*j = 1461*j + 4*v + 96. What is the remainder when 307 is divided by j?
3
Suppose 4*a = -3*x - 17, 2*a + 3*a = x + 12. Let c = 19 + x. Suppose -87 = -3*g + c. Calculate the remainder when g is divided by 6.
3
Let w(n) = n**2 + 19*n + 18. Let t be w(-18). Suppose -12*p = -t*p + 72. Let d = 22 + p. Calculate the remainder when 28 is divided by d.
12
Let y = 1884 + -1667. What is the remainder when y is divided by 43?
2
Let n be (4/(-2))/(4/(-1122)). Let v = n + -534. Calculate the remainder when v is divided by 15.
12
Suppose -14790 = 59*i - 177*i + 7158. What is the remainder when i is divided by 38?
34
What is the remainder when 325 is divided by 11900/(-2040)*(-24)/5?
17
Let u = -5079 + 5103. What is the remainder when 499 is divided by u?
19
Let p(f) = 805*f + 10493. Suppose 2*m + m - 417 = 0. Calculate the remainder when m is divided by p(-13).
27
Suppose 2*z - 3*z = -127. Suppose -5*c - 11 = 4*r, -9*r = -c - 6*r + 32. What is the remainder when z is divided by c?
2
Suppose 0 = 2*y - 0 + 8. Suppose 5262 = -202*b + 6676. What is the remainder when (-3)/(-12) + (-159)/y is divided by b?
5
Suppose -62*i = -21574 - 23748. Calculate the remainder when i is divided by 724.
7
Let p(l) = -l + 2. Let k(i) = 2*i - 7. Let w(v) = -k(v) - 3*p(v). Let m be w(3). Calculate the remainder when 346/m - 5/(-10) is divided by 11.
10
Suppose h = -192 + 190, 4*d - 4*h - 340 = 0. What is the remainder when 95 is divided by d?
12
Let o(d) = d**2 + 19*d + 90. Let z be o(-7). Suppose -2*f + 6*f = -u + 35, u = 5*f + 17. Calculate the remainder when -1 - -101 - (-36)/z is divided by u.
25
Let n(k) = -2*k**2 + 17*k - 19. Let r be n(7). Suppose 2*a = -r*c + 74, a - 4*c - 76 = -2*a. Calculate the remainder when a is divided by 20.
12
Let g(f) = -29 + 5*f + 12 + 15 - f**2. Let h be g(2). Suppose -h*l = 80 - 112. Calculate the remainder when 23 is divided by l.
7
Let f(r) = 2*r**2 + 35*r - 25. Let l be f(-20). Suppose 75*c - l = 70*c. Calculate the remainder when 38 is divided by c.
8
Suppose 0 = 3*v - 2*v - 4. Suppose -c + q + 37 = 0, -2*c - 1954 + 1986 = 4*q. Calculate the remainder when c is divided by v.
2
Suppose -3*j + 4 = -2*j. Let d(w) = -5*w**3 - 67*w**2 - 26*w + 23. What is the remainder when d(-13) is divided by j?
3
Suppose 0 = -3*l - 14*l - 85. What is the remainder when l*95/15*-3 is divided by 8?
7
Let g(l) = 16*l**2 + 16*l - 39. Calculate the remainder when g(2) is divided by 54.
3
Suppose -1915 = 18*k - 5407. What is the remainder when 550 is divided by k?
162
What is the remainder when (736/128)/((-2)/(-24)) is divided by 37?
32
What is the remainder when 1100 is divided by (2 + 0)*(189/(-42) + 16)?
19
Let d = -347 - -355. Suppose 860 = d*k - 1188. What is the remainder when k is divided by 65?
61
Let n(d) = 327*d + 2. Let m be n(1). Calculate the remainder when 13 is divided by 1/12 - m/(-84).
1
Let p(j) = 4*j - 34. Let v be p(12). Suppose -v*h = -58*h + 5544. Calculate the remainder when h is divided by 43.
40
Suppose -5*g - 4*p + 643 = 3983, 4*g + 2646 = 2*p. Let h = 705 + g. Calculate the remainder when 86 is divided by h.
4
Suppose 30 = 3*y - 0*y. Suppose p + 0 = y. What is the remainder when (-2465)/(-50) + (-12)/40 is divided by p?
9
Let h = 112 - 110. Suppose 5*s + 33 = t, -3*t - s = h*t - 295. Calculate the remainder when 110 is divided by t.
52
Let u = 227 + 181. Let l = u - 355. What is the remainder when 144 is divided by l?
38
Let c(k) be the first derivative of 20*k**2 - 261*k + 70. What is the remainder when c(12) is divided by 15?
9
Let s(u) = 96*u - 129. Let b be s(6). Suppose 8*c = b + 1169. Calculate the remainder when c is divided by 34.
32
Suppose u = -5*d + 122, -30*u - 120 = -31*u - 3*d. Let r(g) = -g**3 - 7*g**2 + 4*g - 8. What is the remainder when u is divided by r(-8)?
21
Let g(j) be the second derivative of 5/3*j**4 + 0 - 1/2*j**2 - 22*j - 1/6*j**3. What is the remainder when 118 is divided by g(-1)?
18
What is the remainder when 18 + (-2408)/129 - 2723/(-3) is divided by 153?
142
Let k = 22670 - 22625. What is the remainder when 5411 is divided by k?
11
Let g(i) = 3*i**3 - 9*i**2 + 5*i - 25. Calculate the remainder when 1289 is divided by g(4).
42
Let b = -9602 + 9773. What is the remainder when 370 is divided by b?
28
Let y(n) = -n**3 + 3*n**2 - 8*n - 5. Let c(j) = -4*j**2 - 53*j + 39. Let m be c(-14). Calculate the remainder when y(m) is divided by 15.
13
Suppose -9*g + g = -1800. Suppose 4*a = t - 225, 0*a - a = t - g. What is the remainder when t is divided by 38?
35
Let g(r) = 38*r - 233. Calculate the remainder when g(48) is divided by 9.
7
Let y(n) = 25*n + 15. Let x be y(-7). Let i be 6/27 + x/72. What is the remainder when 3/12 + i/(-8)*187 is divided by 10?
7
Suppose -2930503 - 158492 = -365*y. What is the remainder when y is divided by 249?
246
Suppose -123 - 69 = -12*s. Suppose s*p - 3*p = 208. Calculate the remainder when 1244 is divided by p.
12
Let t(f) = -f**2 - 41*f + 121. Calculate the remainder when t(-38) is divided by 121.
114
Let x(m) = 19 + 12 - 18 + 2*m**2 + 32*m. Suppose b - 14 = 11. Calculate the remainder when b is divided by x(-16).
12
Suppose -7*w + 311 = 2*v - 10*w, -5*w - 25 = 0. Calculate the remainder when 443 is divided by v.
147
Suppose 0 = x + 2 - 15. Suppose -3*i - g + 6*g = 27, -2*i - 25 = -g. What is the remainder when x is divided by i*(7/(-2) - -3)?
6
Suppose -29*o - 6*o + 1040 = -15*o. What is the remainder when 119 is divided by o?
15
Suppose 3*y - 2049 = 252. Suppose -4*x + 80 = -4*t, 2*x + 5*t + 11 = 9. What is the remainder when y is divided by x?
11
Let s = -13 + 11. What is the remainder when 47*s/(-6)*3 is divided by 5/(120/129) - 6/16?
2
Let z(o) = 601*o**2 - 10*o - 2. Let u be z(1). Let j = -575 + u. Calculate the remainder